{"id":179165,"date":"2023-06-29T06:07:35","date_gmt":"2023-06-29T06:07:35","guid":{"rendered":"https:\/\/coreimoveis.com\/?post_type=property&#038;p=179165"},"modified":"2025-07-16T10:33:22","modified_gmt":"2025-07-16T10:33:22","slug":"apartamento-t2-duplex","status":"publish","type":"property","link":"https:\/\/coreimoveis.com\/pt-pt\/property\/apartamento-t2-duplex\/","title":{"rendered":"T2 D\u00faplex Novo com Varandas e Acabamentos Modernos"},"content":{"rendered":"\n<p><strong>Este apartamento T2 d\u00faplex est\u00e1 situado num edif\u00edcio de Arquitetura dos anos 70, totalmente reabilitado<\/strong>.<\/p>\n\n\n\n<p>Com uma localiza\u00e7\u00e3o privilegiada na cidade do Porto, a poucos minutos a p\u00e9 das principais art\u00e9rias da baixa portuense e a menos de 10 minutos a p\u00e9 do metro, em frente ao jardim da Pra\u00e7a Rainha Dona Am\u00e9lia, a interven\u00e7\u00e3o teve como objetivo a reabilita\u00e7\u00e3o de um edif\u00edcio de arquitetura dos anos 70, criando apartamentos com caracter\u00edsticas e ambientes distintos, de acordo com as exig\u00eancias do conforto contempor\u00e2neo.<\/p>\n\n\n\n<p>Pela sua excelente localiza\u00e7\u00e3o, no cora\u00e7\u00e3o da cidade do Porto, este apartamento T2 duplex re\u00fane condi\u00e7\u00f5es que o tornam apelativo, para habita\u00e7\u00e3o pr\u00f3pria, arrendamento ou at\u00e9 alojamento local.<br><br>PAVIMENTO: Sala e Quartos &#8211; Piso flutuante em Afiz\u00e9lia Brasileira | Sanit\u00e1rios &#8211; Cer\u00e2mica.<br><br>TETOS: Sala e Quartos &#8211; Gesso Cartonado Pintado | Sanit\u00e1rios &#8211; Gesso Cartonado Hidr\u00f3fugo Pintado.<br><br>PAREDES: Sala e Quartos &#8211; Gesso Cartonado Pintado | Sanit\u00e1rios &#8211; Cer\u00e2mica.<br><br>ELECTRODOM\u00c9STICOS: Placa Vitrocer\u00e2mica | Forno e Micro-ondas Combinados | Frigor\u00edfico | M\u00e1quina de Lavar Lou\u00e7a | Exaustor.<br><br>DIVERSOS: Carpintaria- Carpintaria lacada | Cozinha- M\u00f3veis com acabamento Luxo, com tampo em Quartz Compact | Lou\u00e7a Sanit\u00e1ria &#8211; Lou\u00e7a suspensa Valadares modelo Nautilus | Caixilharia &#8211; Alum\u00ednio lacado preto com corte t\u00e9rmico e vidro duplo<br>Aquecimento ambiente &#8211; Ar Condicionado Daikin | Aquecimento \u00e1guas sanit\u00e1rias &#8211; Termo-acumulador el\u00e9ctrico. \u00a0<\/p>\n\n\n\n<p><\/p>\n\n\n\n<p><\/p>\n","protected":false},"excerpt":{"rendered":"<p>Este apartamento T2 d\u00faplex est\u00e1 situado num edif\u00edcio de Arquitetura dos anos 70, totalmente reabilitado. Com uma localiza\u00e7\u00e3o privilegiada na cidade do Porto, a poucos minutos a p\u00e9 das principais art\u00e9rias da baixa portuense e a menos de 10 minutos a p\u00e9 do metro, em frente ao jardim da Pra\u00e7a Rainha Dona Am\u00e9lia, a interven\u00e7\u00e3o [&hellip;]<\/p>\n","protected":false},"author":3,"featured_media":179172,"parent":0,"menu_order":0,"template":"","property_type":[216],"property_status":[1317],"property_feature":[371,389,322,324,372,329,330,352,353,364,334,339,338,355,366,356,435,394,367,387,375,347,348,369,376],"property_label":[],"property_state":[1190],"property_city":[1201],"class_list":["post-179165","property","type-property","status-publish","has-post-thumbnail","hentry","property_type-apartamento","property_status-vendido-arrendado","property_feature-acessibilidade","property_feature-alarme-de-seguranca","property_feature-andar-alto","property_feature-ar-condicionado","property_feature-condominio-fechado","property_feature-cozinha-americana","property_feature-cozinha-equipada","property_feature-deposito-de-agua","property_feature-eletrodomesticos-embutidos","property_feature-elevador","property_feature-gas-canalizado","property_feature-maquina-de-lavar-louca","property_feature-maquina-de-lavar-roupa","property_feature-parqueamento","property_feature-primeiro-proprietario","property_feature-roupeiros","property_feature-servico-de-internet","property_feature-sistema-de-seguranca","property_feature-suite","property_feature-sul","property_feature-tv-por-cabo","property_feature-varanda","property_feature-video-porteiro","property_feature-vista-da-cidade","property_feature-vista-jardim","property_state-porto-pt","property_city-porto-pt"],"property_meta":{"_edit_lock":["1737897205:1"],"_edit_last":["1"],"fave_property_price":["340000"],"fave_property_bedrooms":["2"],"fave_property_bathrooms":["2"],"fave_property_id":["1214-3604"],"fave_property_map":["1"],"fave_property_map_address":["Bonfim, Porto, Portugal"],"fave_property_location":["41.158301386623,-8.598904619824,17"],"houzez_geolocation_lat":["41.158301386623"],"houzez_geolocation_long":["-8.598904619824"],"fave_property_map_street_view":["hide"],"fave_property_address":["Bonfim, Porto, Portugal"],"fave_property_zip":["4000-489"],"fave_featured":["0"],"fave_loggedintoview":["0"],"fave_video_url":["https:\/\/youtu.be\/WnX3ObIVNIQ"],"fave_agent_display_option":["none"],"fave_prop_homeslider":["no"],"fave_energy_class":["C"],"fave_single_top_area":["global"],"fave_single_content_area":["global"],"cmplz_hide_cookiebanner":[""],"sbp_post_meta":["a:9:{s:11:\"sbp_preload\";s:0:\"\";s:15:\"sbp_csp_warning\";s:0:\"\";s:22:\"sbp_criticalcss_status\";s:12:\"main_setting\";s:15:\"sbp_criticalcss\";s:0:\"\";s:11:\"js_optimize\";s:12:\"main_setting\";s:10:\"js_exclude\";s:44:\"js\/jquery\/jquery.js\r\njs\/jquery\/jquery.min.js\";s:10:\"js_include\";s:0:\"\";s:16:\"js_footer_status\";s:12:\"main_setting\";s:17:\"js_footer_exclude\";s:44:\"js\/jquery\/jquery.js\r\njs\/jquery\/jquery.min.js\";}"],"houzez_manual_expire":["0"],"_houzez_expiration_date_status":["saved"],"_yoast_wpseo_primary_property_type":["216"],"_yoast_wpseo_primary_property_status":["222"],"_yoast_wpseo_primary_property_feature":["330"],"_yoast_wpseo_primary_property_label":[""],"_yoast_wpseo_primary_property_state":["350"],"_yoast_wpseo_primary_property_city":["361"],"_yoast_wpseo_focuskw":["Apartamento T2 duplex"],"_yoast_wpseo_title":["Apartamento T2 duplex"],"_yoast_wpseo_metadesc":["Apartamento T2 duplex com uma localiza\u00e7\u00e3o privilegiada na cidade do Porto, a poucos minutos a p\u00e9 das principais art\u00e9rias da baixa portuense"],"_yoast_wpseo_linkdex":["76"],"_yoast_wpseo_content_score":["30"],"_yoast_wpseo_estimated-reading-time-minutes":["2"],"_yoast_wpseo_wordproof_timestamp":[""],"houzez_total_property_views":["1761"],"houzez_views_by_date":["a:61:{s:10:\"11-13-2025\";i:2;s:10:\"11-17-2025\";i:2;s:10:\"11-19-2025\";i:1;s:10:\"11-24-2025\";i:1;s:10:\"12-03-2025\";i:1;s:10:\"12-04-2025\";i:1;s:10:\"12-10-2025\";i:1;s:10:\"12-15-2025\";i:3;s:10:\"12-23-2025\";i:1;s:10:\"12-24-2025\";i:1;s:10:\"12-25-2025\";i:1;s:10:\"01-01-2026\";i:1;s:10:\"01-10-2026\";i:1;s:10:\"01-12-2026\";i:1;s:10:\"01-15-2026\";i:2;s:10:\"01-18-2026\";i:1;s:10:\"01-22-2026\";i:1;s:10:\"01-23-2026\";i:1;s:10:\"01-26-2026\";i:1;s:10:\"01-29-2026\";i:1;s:10:\"01-30-2026\";i:1;s:10:\"01-31-2026\";i:2;s:10:\"02-01-2026\";i:2;s:10:\"02-04-2026\";i:1;s:10:\"02-05-2026\";i:1;s:10:\"02-06-2026\";i:1;s:10:\"02-07-2026\";i:1;s:10:\"02-10-2026\";i:1;s:10:\"02-12-2026\";i:2;s:10:\"02-13-2026\";i:1;s:10:\"02-14-2026\";i:1;s:10:\"02-15-2026\";i:1;s:10:\"02-17-2026\";i:1;s:10:\"02-19-2026\";i:1;s:10:\"02-20-2026\";i:1;s:10:\"02-22-2026\";i:1;s:10:\"02-26-2026\";i:1;s:10:\"02-27-2026\";i:5;s:10:\"02-28-2026\";i:6;s:10:\"03-01-2026\";i:6;s:10:\"03-02-2026\";i:8;s:10:\"03-05-2026\";i:2;s:10:\"03-08-2026\";i:1;s:10:\"03-11-2026\";i:1;s:10:\"03-14-2026\";i:1;s:10:\"03-15-2026\";i:1;s:10:\"03-17-2026\";i:1;s:10:\"03-21-2026\";i:1;s:10:\"03-25-2026\";i:1;s:10:\"03-27-2026\";i:1;s:10:\"03-31-2026\";i:1;s:10:\"04-02-2026\";i:2;s:10:\"04-03-2026\";i:1;s:10:\"04-06-2026\";i:2;s:10:\"04-08-2026\";i:1;s:10:\"04-13-2026\";i:1;s:10:\"04-14-2026\";i:2;s:10:\"04-20-2026\";i:1;s:10:\"04-24-2026\";i:1;s:10:\"04-26-2026\";i:1;s:10:\"04-29-2026\";i:2;}"],"houzez_recently_viewed":["2026-04-29 19:57:46"],"_thumbnail_id":["179172"],"_cmplz_scanned_post":["1"],"fave_property_size":["70"],"_wp_page_template":["default"],"_alp_processed":["1752662002"],"_wpml_word_count":["{\"total\":274,\"to_translate\":{\"en\":64}}"],"_wpml_location_migration_done":["1"],"fave_show_price_placeholder":["0"],"_wpml_media_duplicate":["1"],"_wpml_media_featured":["1"],"houzez_featured_listing_date":[""],"_wpml_media_has_media":["1"],"fave_property_size_prefix":["m\u00b2"],"fave_property_images":["179166","179172","179167","179168","179169","179170","179171","179173","179174","179175","179176","179177","179178","179179","179180","179181","179182","179183","179184","179185","179186","179187","179188","179189","179190","179191","179192","179193","179194","179195","179196","179197"],"_elementor_page_assets":["a:0:{}"]},"_links":{"self":[{"href":"https:\/\/coreimoveis.com\/pt-pt\/wp-json\/wp\/v2\/properties\/179165","targetHints":{"allow":["GET"]}}],"collection":[{"href":"https:\/\/coreimoveis.com\/pt-pt\/wp-json\/wp\/v2\/properties"}],"about":[{"href":"https:\/\/coreimoveis.com\/pt-pt\/wp-json\/wp\/v2\/types\/property"}],"author":[{"embeddable":true,"href":"https:\/\/coreimoveis.com\/pt-pt\/wp-json\/wp\/v2\/users\/3"}],"version-history":[{"count":6,"href":"https:\/\/coreimoveis.com\/pt-pt\/wp-json\/wp\/v2\/properties\/179165\/revisions"}],"predecessor-version":[{"id":199572,"href":"https:\/\/coreimoveis.com\/pt-pt\/wp-json\/wp\/v2\/properties\/179165\/revisions\/199572"}],"wp:featuredmedia":[{"embeddable":true,"href":"https:\/\/coreimoveis.com\/pt-pt\/wp-json\/wp\/v2\/media\/179172"}],"wp:attachment":[{"href":"https:\/\/coreimoveis.com\/pt-pt\/wp-json\/wp\/v2\/media?parent=179165"}],"wp:term":[{"taxonomy":"property_type","embeddable":true,"href":"https:\/\/coreimoveis.com\/pt-pt\/wp-json\/wp\/v2\/property_type?post=179165"},{"taxonomy":"property_status","embeddable":true,"href":"https:\/\/coreimoveis.com\/pt-pt\/wp-json\/wp\/v2\/property_status?post=179165"},{"taxonomy":"property_feature","embeddable":true,"href":"https:\/\/coreimoveis.com\/pt-pt\/wp-json\/wp\/v2\/property_feature?post=179165"},{"taxonomy":"property_label","embeddable":true,"href":"https:\/\/coreimoveis.com\/pt-pt\/wp-json\/wp\/v2\/property_label?post=179165"},{"taxonomy":"property_state","embeddable":true,"href":"https:\/\/coreimoveis.com\/pt-pt\/wp-json\/wp\/v2\/property_state?post=179165"},{"taxonomy":"property_city","embeddable":true,"href":"https:\/\/coreimoveis.com\/pt-pt\/wp-json\/wp\/v2\/property_city?post=179165"}],"curies":[{"name":"wp","href":"https:\/\/api.w.org\/{rel}","templated":true}]}}

T2 Dúplex Novo com Varandas e Acabamentos Modernos

<p><strong>Este apartamento T2 dúplex está situado num edifício de Arquitetura dos anos 70, totalmente reabilitado</strong>.</p>



<p>Com uma localização privilegiada na cidade do Porto, a poucos minutos a pé das principais artérias da baixa portuense e a menos de 10 minutos a pé do metro, em frente ao jardim da Praça Rainha Dona Amélia, a intervenção teve como objetivo a reabilitação de um edifício de arquitetura dos anos 70, criando apartamentos com características e ambientes distintos, de acordo com as exigências do conforto contemporâneo.</p>



<p>Pela sua excelente localização, no coração da cidade do Porto, este apartamento T2 duplex reúne condições que o tornam apelativo, para habitação própria, arrendamento ou até alojamento local.<br><br>PAVIMENTO: Sala e Quartos &#8211; Piso flutuante em Afizélia Brasileira | Sanitários &#8211; Cerâmica.<br><br>TETOS: Sala e Quartos &#8211; Gesso Cartonado Pintado | Sanitários &#8211; Gesso Cartonado Hidrófugo Pintado.<br><br>PAREDES: Sala e Quartos &#8211; Gesso Cartonado Pintado | Sanitários &#8211; Cerâmica.<br><br>ELECTRODOMÉSTICOS: Placa Vitrocerâmica | Forno e Micro-ondas Combinados | Frigorífico | Máquina de Lavar Louça | Exaustor.<br><br>DIVERSOS: Carpintaria- Carpintaria lacada | Cozinha- Móveis com acabamento Luxo, com tampo em Quartz Compact | Louça Sanitária &#8211; Louça suspensa Valadares modelo Nautilus | Caixilharia &#8211; Alumínio lacado preto com corte térmico e vidro duplo<br>Aquecimento ambiente &#8211; Ar Condicionado Daikin | Aquecimento águas sanitárias &#8211; Termo-acumulador eléctrico.  </p>



<p></p>



<p></p>

<p>Este apartamento T2 dúplex está situado num edifício de Arquitetura dos anos 70, totalmente reabilitado. Com uma localização privilegiada na cidade do Porto, a poucos minutos a pé das principais artérias da baixa portuense e a menos de 10 minutos a pé do metro, em frente ao jardim da Praça Rainha Dona Amélia, a intervenção [&hellip;]</p>

Apartamento T2 duplex com uma localização privilegiada na cidade do Porto, a poucos minutos a pé das principais artérias da baixa portuense
