{"id":178670,"date":"2022-12-19T12:27:00","date_gmt":"2022-12-19T12:27:00","guid":{"rendered":"https:\/\/coreimoveis.com\/?post_type=property&#038;p=178670"},"modified":"2025-07-16T10:33:23","modified_gmt":"2025-07-16T10:33:23","slug":"apartamento-t2-com-varanda-em-espinho","status":"publish","type":"property","link":"https:\/\/coreimoveis.com\/pt-pt\/property\/apartamento-t2-com-varanda-em-espinho\/","title":{"rendered":"T2 com Varanda a 2 Min da Praia e Casino de Espinho"},"content":{"rendered":"\n<p>Apartamento T2 com varanda em Espinho no centro da cidade, inserido em pr\u00e9dio com poucos apartamentos,<\/p>\n\n\n\n<p>O apartamento \u00e9 composto por hall de entrada, sala com varanda, cozinha e lavandaria, 2 quartos, &nbsp;e ainda 1 WC<\/p>\n\n\n\n<p>Excelente localiza\u00e7\u00e3o no centro da cidade, junto \u00e0 Caixa Geral de Dep\u00f3sitos, 200 metros da esta\u00e7\u00e3o de comboios, do <a href=\"https:\/\/www.gruposolverde.pt\/casino-espinho\/\">Casino de Espinho <\/a>&nbsp;e a 2 minutos da praia.<\/p>\n\n\n\n<p><\/p>\n\n\n\n<p><strong>Precisa de financiamento? Conte com o apoio dos nossos parceiros especializados, incluindo um consultor certificado pelo Banco de Portugal, que o acompanhar\u00e1 ao longo de todo o processo, garantindo-lhe um servi\u00e7o gratuito, eficiente e simples. Este servi\u00e7o est\u00e1 dispon\u00edvel tanto para clientes nacionais como internacionais, assegurando as melhores solu\u00e7\u00f5es de cr\u00e9dito habitacional, com total transpar\u00eancia e confian\u00e7a.<\/strong> <a href=\"https:\/\/coreimoveis.com\/pt-pt\/consulta-de-credito-gratuita\/\" target=\"_blank\" rel=\"noreferrer noopener\"><strong>Saber Mais&#8230;<\/strong><\/a><\/p>\n\n\n\n<p>Este im\u00f3vel est\u00e1 dispon\u00edvel para partilha de comiss\u00e3o em regime de <strong>50\/50<\/strong> com qualquer mediadora imobili\u00e1ria devidamente licenciada (licen\u00e7a AMI v\u00e1lida) que apresente um comprador que concretize a transa\u00e7\u00e3o.<\/p>\n\n\n\n<p><\/p>\n","protected":false},"excerpt":{"rendered":"<p>Apartamento T2 com varanda em Espinho no centro da cidade, inserido em pr\u00e9dio com poucos apartamentos, O apartamento \u00e9 composto por hall de entrada, sala com varanda, cozinha e lavandaria, 2 quartos, &nbsp;e ainda 1 WC Excelente localiza\u00e7\u00e3o no centro da cidade, junto \u00e0 Caixa Geral de Dep\u00f3sitos, 200 metros da esta\u00e7\u00e3o de comboios, do [&hellip;]<\/p>\n","protected":false},"author":3,"featured_media":178697,"parent":0,"menu_order":0,"template":"","property_type":[216],"property_status":[1317],"property_feature":[323,335,337,379,386,380,435,347,369,376],"property_label":[],"property_state":[1185],"property_city":[1184],"class_list":["post-178670","property","type-property","status-publish","has-post-thumbnail","hentry","property_type-apartamento","property_status-vendido-arrendado","property_feature-andar-baixo","property_feature-hall-de-entrada","property_feature-lavandaria","property_feature-nascente","property_feature-para-remodelar","property_feature-poente","property_feature-servico-de-internet","property_feature-varanda","property_feature-vista-da-cidade","property_feature-vista-jardim","property_state-aveiro-pt","property_city-espinho-pt"],"property_meta":{"_edit_lock":["1737236644:1"],"_edit_last":["1"],"fave_property_map":["1"],"fave_property_location":["41.00895392632,-8.641482006689,21"],"houzez_geolocation_lat":["41.00895392632"],"houzez_geolocation_long":["-8.641482006689"],"fave_property_map_street_view":["show"],"fave_featured":["0"],"fave_loggedintoview":["0"],"fave_agent_display_option":["author_info"],"fave_prop_homeslider":["no"],"fave_single_top_area":["global"],"fave_single_content_area":["global"],"cmplz_hide_cookiebanner":[""],"sbp_post_meta":["a:9:{s:11:\"sbp_preload\";s:0:\"\";s:15:\"sbp_csp_warning\";s:0:\"\";s:22:\"sbp_criticalcss_status\";s:12:\"main_setting\";s:15:\"sbp_criticalcss\";s:0:\"\";s:11:\"js_optimize\";s:12:\"main_setting\";s:10:\"js_exclude\";s:44:\"js\/jquery\/jquery.js\r\njs\/jquery\/jquery.min.js\";s:10:\"js_include\";s:0:\"\";s:16:\"js_footer_status\";s:12:\"main_setting\";s:17:\"js_footer_exclude\";s:44:\"js\/jquery\/jquery.js\r\njs\/jquery\/jquery.min.js\";}"],"houzez_manual_expire":["0"],"_houzez_expiration_date_status":["saved"],"_yoast_wpseo_focuskw":["Apartamento T2 com varanda em Espinho"],"_yoast_wpseo_title":["Apartamento T2 com varanda em Espinho"],"_yoast_wpseo_metadesc":["Apartamento T2 com varanda em Espinho. O apartamento est\u00e1 a 2 minutos da praia e do casino de Espinho \u00e9 um xcelente investimento."],"_yoast_wpseo_linkdex":["61"],"_yoast_wpseo_content_score":["60"],"_yoast_wpseo_estimated-reading-time-minutes":["1"],"_yoast_wpseo_wordproof_timestamp":[""],"fave_property_price":["157000"],"fave_property_size":["68"],"fave_property_bedrooms":["2"],"fave_property_bathrooms":["1"],"fave_property_id":["1214-2650"],"fave_property_map_address":["R. 16 524, 4500-240 Espinho, Portugal"],"fave_energy_class":["C"],"_thumbnail_id":["178697"],"_yoast_wpseo_primary_property_status":["222"],"_yoast_wpseo_primary_property_feature":["347"],"_yoast_wpseo_primary_property_state":["378"],"_yoast_wpseo_primary_property_city":["456"],"houzez_total_property_views":["9528"],"houzez_views_by_date":["a:61:{s:10:\"11-15-2025\";i:1;s:10:\"11-17-2025\";i:1;s:10:\"11-19-2025\";i:2;s:10:\"11-21-2025\";i:1;s:10:\"11-26-2025\";i:1;s:10:\"12-03-2025\";i:1;s:10:\"12-05-2025\";i:1;s:10:\"12-10-2025\";i:1;s:10:\"12-11-2025\";i:1;s:10:\"12-13-2025\";i:1;s:10:\"12-17-2025\";i:1;s:10:\"12-20-2025\";i:1;s:10:\"12-23-2025\";i:1;s:10:\"12-26-2025\";i:2;s:10:\"01-02-2026\";i:1;s:10:\"01-09-2026\";i:1;s:10:\"01-11-2026\";i:1;s:10:\"01-13-2026\";i:2;s:10:\"01-15-2026\";i:1;s:10:\"01-19-2026\";i:1;s:10:\"01-22-2026\";i:1;s:10:\"01-25-2026\";i:2;s:10:\"01-30-2026\";i:1;s:10:\"01-31-2026\";i:2;s:10:\"02-01-2026\";i:2;s:10:\"02-02-2026\";i:1;s:10:\"02-05-2026\";i:1;s:10:\"02-06-2026\";i:2;s:10:\"02-07-2026\";i:1;s:10:\"02-10-2026\";i:2;s:10:\"02-12-2026\";i:1;s:10:\"02-13-2026\";i:1;s:10:\"02-14-2026\";i:1;s:10:\"02-17-2026\";i:1;s:10:\"02-19-2026\";i:1;s:10:\"02-20-2026\";i:1;s:10:\"02-22-2026\";i:1;s:10:\"02-26-2026\";i:1;s:10:\"02-27-2026\";i:1;s:10:\"03-02-2026\";i:3;s:10:\"03-05-2026\";i:1;s:10:\"03-07-2026\";i:1;s:10:\"03-11-2026\";i:1;s:10:\"03-14-2026\";i:1;s:10:\"03-15-2026\";i:1;s:10:\"03-17-2026\";i:1;s:10:\"03-21-2026\";i:1;s:10:\"03-25-2026\";i:1;s:10:\"03-27-2026\";i:1;s:10:\"04-02-2026\";i:1;s:10:\"04-03-2026\";i:2;s:10:\"04-06-2026\";i:1;s:10:\"04-08-2026\";i:2;s:10:\"04-09-2026\";i:1;s:10:\"04-13-2026\";i:1;s:10:\"04-14-2026\";i:1;s:10:\"04-15-2026\";i:1;s:10:\"04-20-2026\";i:1;s:10:\"04-24-2026\";i:1;s:10:\"04-26-2026\";i:1;s:10:\"04-29-2026\";i:2;}"],"houzez_recently_viewed":["2026-04-29 19:59:10"],"fave_property_address":["R. 16 524"],"fave_property_zip":["4500-240"],"_cmplz_scanned_post":["1"],"_yoast_wpseo_primary_property_type":[""],"_yoast_wpseo_primary_property_label":["421"],"_alp_processed":["1752662003"],"_wpml_word_count":["{\"total\":236,\"to_translate\":{\"en\":82}}"],"_wpml_location_migration_done":["1"],"fave_show_price_placeholder":["0"],"houzez_featured_listing_date":[""],"_wpml_media_duplicate":["1"],"_wpml_media_featured":["1"],"_wpml_media_has_media":["1"],"fave_property_images":["178692","178694","178697","178685","178684","178683","178682","178681","178689","178688","178687","178686","178690","178691","178673","178674","178675","178676","178677","178678","178679","178680","178693","178696","178698"],"_elementor_page_assets":["a:0:{}"]},"_links":{"self":[{"href":"https:\/\/coreimoveis.com\/pt-pt\/wp-json\/wp\/v2\/properties\/178670","targetHints":{"allow":["GET"]}}],"collection":[{"href":"https:\/\/coreimoveis.com\/pt-pt\/wp-json\/wp\/v2\/properties"}],"about":[{"href":"https:\/\/coreimoveis.com\/pt-pt\/wp-json\/wp\/v2\/types\/property"}],"author":[{"embeddable":true,"href":"https:\/\/coreimoveis.com\/pt-pt\/wp-json\/wp\/v2\/users\/3"}],"version-history":[{"count":7,"href":"https:\/\/coreimoveis.com\/pt-pt\/wp-json\/wp\/v2\/properties\/178670\/revisions"}],"predecessor-version":[{"id":199148,"href":"https:\/\/coreimoveis.com\/pt-pt\/wp-json\/wp\/v2\/properties\/178670\/revisions\/199148"}],"wp:featuredmedia":[{"embeddable":true,"href":"https:\/\/coreimoveis.com\/pt-pt\/wp-json\/wp\/v2\/media\/178697"}],"wp:attachment":[{"href":"https:\/\/coreimoveis.com\/pt-pt\/wp-json\/wp\/v2\/media?parent=178670"}],"wp:term":[{"taxonomy":"property_type","embeddable":true,"href":"https:\/\/coreimoveis.com\/pt-pt\/wp-json\/wp\/v2\/property_type?post=178670"},{"taxonomy":"property_status","embeddable":true,"href":"https:\/\/coreimoveis.com\/pt-pt\/wp-json\/wp\/v2\/property_status?post=178670"},{"taxonomy":"property_feature","embeddable":true,"href":"https:\/\/coreimoveis.com\/pt-pt\/wp-json\/wp\/v2\/property_feature?post=178670"},{"taxonomy":"property_label","embeddable":true,"href":"https:\/\/coreimoveis.com\/pt-pt\/wp-json\/wp\/v2\/property_label?post=178670"},{"taxonomy":"property_state","embeddable":true,"href":"https:\/\/coreimoveis.com\/pt-pt\/wp-json\/wp\/v2\/property_state?post=178670"},{"taxonomy":"property_city","embeddable":true,"href":"https:\/\/coreimoveis.com\/pt-pt\/wp-json\/wp\/v2\/property_city?post=178670"}],"curies":[{"name":"wp","href":"https:\/\/api.w.org\/{rel}","templated":true}]}}

<p>Apartamento T2 com varanda em Espinho no centro da cidade, inserido em prédio com poucos apartamentos,</p>



<p>O apartamento é composto por hall de entrada, sala com varanda, cozinha e lavandaria, 2 quartos, &nbsp;e ainda 1 WC</p>



<p>Excelente localização no centro da cidade, junto à Caixa Geral de Depósitos, 200 metros da estação de comboios, do <a href="https://www.gruposolverde.pt/casino-espinho/">Casino de Espinho </a>&nbsp;e a 2 minutos da praia.</p>



<p></p>



<p><strong>Precisa de financiamento? Conte com o apoio dos nossos parceiros especializados, incluindo um consultor certificado pelo Banco de Portugal, que o acompanhará ao longo de todo o processo, garantindo-lhe um serviço gratuito, eficiente e simples. Este serviço está disponível tanto para clientes nacionais como internacionais, assegurando as melhores soluções de crédito habitacional, com total transparência e confiança.</strong> <a href="https://coreimoveis.com/pt-pt/consulta-de-credito-gratuita/" target="_blank" rel="noreferrer noopener"><strong>Saber Mais&#8230;</strong></a></p>



<p>Este imóvel está disponível para partilha de comissão em regime de <strong>50/50</strong> com qualquer mediadora imobiliária devidamente licenciada (licença AMI válida) que apresente um comprador que concretize a transação.</p>



<p></p>

<p>Apartamento T2 com varanda em Espinho no centro da cidade, inserido em prédio com poucos apartamentos, O apartamento é composto por hall de entrada, sala com varanda, cozinha e lavandaria, 2 quartos, &nbsp;e ainda 1 WC Excelente localização no centro da cidade, junto à Caixa Geral de Depósitos, 200 metros da estação de comboios, do [&hellip;]</p>

Apartamento T2 com varanda em Espinho. O apartamento está a 2 minutos da praia e do casino de Espinho é um xcelente investimento.
