{"id":17821,"date":"2022-08-09T00:00:00","date_gmt":"2022-08-09T00:00:00","guid":{"rendered":"https:\/\/coreimoveis.com\/property\/apartamento-t4-remodelado-na-avenida-da-republica-em-gaia\/"},"modified":"2025-01-13T19:37:32","modified_gmt":"2025-01-13T19:37:32","slug":"apartamento-t4-remodelado","status":"publish","type":"property","link":"https:\/\/coreimoveis.com\/pt-pt\/property\/apartamento-t4-remodelado\/","title":{"rendered":"T4 Remodelado com 3 Su\u00edtes e Varandas em Gaia"},"content":{"rendered":"\n<p><strong>Magn\u00edfico Apartamento remodelado T4, constru\u00e7\u00e3o de refer\u00eancia &#8211; Ferreira dos Santos, que se carateriza pela qualidade e \u00e1reas generosas.<\/strong> Muito bem estruturado e localizado na Praceta 25 de Abril, Vila Nova de Gaia, em frente \u00e0 C\u00e2mara.<\/p>\n\n\n\n<p>Rodeado de todo o tipo de com\u00e9rcio, servi\u00e7os e transportes. Este Apartamento T4 totalmente remodelado possui: uma \u00e1rea bruta privativa de 178m\u00b2, cozinha equipada, caixilharia em PVC com vidro duplo e corte t\u00e9rmico, ar condicionado, painel solar, lareira com recuperador de calor, 3 su\u00edtes, 5 casas de banho e 3 varandas.<\/p>\n\n\n\n<p>Possibilidade de aluguer de garagem. Possui ainda vistas panor\u00e2micas e desafogadas com excelente exposi\u00e7\u00e3o solar.<\/p>\n\n\n\n<p><strong>Dist\u00e2ncias<\/strong>:<br>25m Metro C\u00e2mara de Gaia,130m do Minipre\u00e7o, 140m da C\u00e2mara Municipal de Gaia,170m das Finan\u00e7as, 240m do Pingo Doce, 500m da A44, 500m do Hospital de V. Nova de Gaia, 500m da Esta\u00e7\u00e3o de Comboios e do Metro General Torres, 500m do El Corte Ingl\u00eas, 550m do Col\u00e9gio Nossa Senhora da Bonan\u00e7a, 850m do Jardim do Morro, 950m do Continente, 1km da Ponte Lu\u00eds, 1.7km da Catedral da S\u00e9 e 2km dos Aliados e do Centro do Porto.<\/p>\n\n\n\n<p><\/p>\n\n\n\n<p>Autoriza\u00e7\u00e3o de Utiliza\u00e7\u00e3o N\u00ba AUTORIZA\u00c7\u00c3O: 190\/74<\/p>\n\n\n\n<p><\/p>\n\n\n\n<p><strong>Precisa de financiamento? Conte com o apoio dos nossos parceiros especializados, incluindo um consultor certificado pelo Banco de Portugal, que o acompanhar\u00e1 ao longo de todo o processo, garantindo-lhe um servi\u00e7o gratuito, eficiente e simples. Este servi\u00e7o est\u00e1 dispon\u00edvel tanto para clientes nacionais como internacionais, assegurando as melhores solu\u00e7\u00f5es de cr\u00e9dito habitacional, com total transpar\u00eancia e confian\u00e7a.<\/strong> <a href=\"https:\/\/coreimoveis.com\/pt-pt\/consulta-de-credito-gratuita\/\" target=\"_blank\" rel=\"noreferrer noopener\"><strong>Saber Mais&#8230;<\/strong><\/a><\/p>\n\n\n\n<p>Este im\u00f3vel est\u00e1 dispon\u00edvel para partilha de comiss\u00e3o em regime de <strong>50\/50<\/strong> com qualquer mediadora imobili\u00e1ria devidamente licenciada (licen\u00e7a AMI v\u00e1lida) que apresente um comprador que concretize a transa\u00e7\u00e3o.<\/p>\n\n\n\n<p><\/p>\n\n\n\n<p><\/p>\n","protected":false},"excerpt":{"rendered":"<p>Magn\u00edfico Apartamento remodelado T4, constru\u00e7\u00e3o de refer\u00eancia &#8211; Ferreira dos Santos, que se carateriza pela qualidade e \u00e1reas generosas. Muito bem estruturado e localizado na Praceta 25 de Abril, Vila Nova de Gaia, em frente \u00e0 C\u00e2mara. Rodeado de todo o tipo de com\u00e9rcio, servi\u00e7os e transportes. Este Apartamento T4 totalmente remodelado possui: uma \u00e1rea [&hellip;]<\/p>\n","protected":false},"author":3,"featured_media":179006,"parent":0,"menu_order":0,"template":"","property_type":[216],"property_status":[222],"property_feature":[322,370,324,326,422,434,351,372,329,330,331,364,417,406,332,334,335,336,337,408,414,379,355,418,380,1213,344,356,345,435,393,357,367,387,404,375,347,348,369,376,415],"property_label":[],"property_state":[1190],"property_city":[1202],"class_list":["post-17821","property","type-property","status-publish","has-post-thumbnail","hentry","property_type-apartamento","property_status-comprar","property_feature-andar-alto","property_feature-aquecimento-central","property_feature-ar-condicionado","property_feature-arrecadacao","property_feature-casa-de-banho","property_feature-casa-de-banho-da-suite","property_feature-closet","property_feature-condominio-fechado","property_feature-cozinha-americana","property_feature-cozinha-equipada","property_feature-despensa","property_feature-elevador","property_feature-forno","property_feature-frigorifico","property_feature-garagem","property_feature-gas-canalizado","property_feature-hall-de-entrada","property_feature-lareira","property_feature-lavandaria","property_feature-marquise","property_feature-microondas","property_feature-nascente","property_feature-parqueamento","property_feature-perto-do-metro","property_feature-poente","property_feature-proximo-ao-metro","property_feature-remodelado","property_feature-roupeiros","property_feature-roupeiros-embutidos","property_feature-servico-de-internet","property_feature-sistema-de-rega","property_feature-sotao","property_feature-suite","property_feature-sul","property_feature-transportes","property_feature-tv-por-cabo","property_feature-varanda","property_feature-video-porteiro","property_feature-vista-da-cidade","property_feature-vista-jardim","property_feature-vistas-desafogadas","property_state-porto-pt","property_city-vila-nova-de-gaia-pt"],"property_meta":{"_wp_page_template":["default"],"houzez_total_property_views":["1213"],"houzez_views_by_date":["a:61:{s:10:\"12-05-2025\";i:1;s:10:\"12-06-2025\";i:4;s:10:\"12-09-2025\";i:1;s:10:\"12-11-2025\";i:1;s:10:\"12-16-2025\";i:1;s:10:\"12-22-2025\";i:1;s:10:\"12-25-2025\";i:2;s:10:\"01-01-2026\";i:1;s:10:\"01-03-2026\";i:1;s:10:\"01-10-2026\";i:1;s:10:\"01-12-2026\";i:1;s:10:\"01-14-2026\";i:2;s:10:\"01-15-2026\";i:1;s:10:\"01-18-2026\";i:1;s:10:\"01-22-2026\";i:1;s:10:\"01-23-2026\";i:1;s:10:\"01-24-2026\";i:1;s:10:\"01-25-2026\";i:1;s:10:\"01-29-2026\";i:1;s:10:\"01-30-2026\";i:1;s:10:\"02-01-2026\";i:2;s:10:\"02-03-2026\";i:1;s:10:\"02-04-2026\";i:1;s:10:\"02-05-2026\";i:1;s:10:\"02-06-2026\";i:1;s:10:\"02-07-2026\";i:1;s:10:\"02-10-2026\";i:1;s:10:\"02-12-2026\";i:2;s:10:\"02-13-2026\";i:1;s:10:\"02-14-2026\";i:1;s:10:\"02-17-2026\";i:1;s:10:\"02-19-2026\";i:1;s:10:\"02-20-2026\";i:1;s:10:\"02-23-2026\";i:1;s:10:\"02-25-2026\";i:1;s:10:\"02-27-2026\";i:2;s:10:\"03-02-2026\";i:1;s:10:\"03-04-2026\";i:1;s:10:\"03-07-2026\";i:1;s:10:\"03-11-2026\";i:1;s:10:\"03-14-2026\";i:4;s:10:\"03-15-2026\";i:2;s:10:\"03-16-2026\";i:1;s:10:\"03-17-2026\";i:2;s:10:\"03-20-2026\";i:2;s:10:\"03-25-2026\";i:2;s:10:\"03-27-2026\";i:1;s:10:\"03-28-2026\";i:2;s:10:\"03-31-2026\";i:2;s:10:\"04-01-2026\";i:1;s:10:\"04-02-2026\";i:1;s:10:\"04-05-2026\";i:2;s:10:\"04-06-2026\";i:2;s:10:\"04-12-2026\";i:1;s:10:\"04-13-2026\";i:1;s:10:\"04-15-2026\";i:1;s:10:\"04-20-2026\";i:1;s:10:\"04-25-2026\";i:1;s:10:\"04-26-2026\";i:1;s:10:\"04-29-2026\";i:1;s:10:\"05-01-2026\";i:2;}"],"houzez_recently_viewed":["2026-05-01 02:17:49"],"_edit_lock":["1737833030:12"],"_edit_last":["3"],"fave_property_price":["395000"],"fave_property_size":["178"],"fave_property_bedrooms":["4"],"fave_property_bathrooms":["5"],"fave_property_id":["1214-2420"],"fave_property_map":["1"],"fave_property_map_address":["Praceta 25 de Abril 57, 4430-257 Vila Nova de Gaia, Portugal"],"fave_property_location":["41.129710273395,-8.6053284009271,19"],"houzez_geolocation_lat":["41.129710273395"],"houzez_geolocation_long":["-8.6053284009271"],"fave_property_map_street_view":["show"],"fave_featured":["1"],"fave_loggedintoview":["0"],"fave_video_url":["https:\/\/youtu.be\/7w1A3-1YXic"],"fave_agent_display_option":["author_info"],"fave_prop_homeslider":["no"],"fave_energy_class":["D"],"fave_single_top_area":["global"],"fave_single_content_area":["global"],"houzez_manual_expire":["0"],"_houzez_expiration_date_status":["saved"],"_yoast_wpseo_content_score":["60"],"_yoast_wpseo_estimated-reading-time-minutes":["2"],"_yoast_wpseo_wordproof_timestamp":[""],"_thumbnail_id":["179006"],"_yoast_wpseo_primary_property_feature":["335"],"_yoast_wpseo_focuskw":["Apartamento T4 remodelado"],"_yoast_wpseo_title":["Apartamento T4 remodelado na Avenida da Rep\u00fablica de Gaia"],"_yoast_wpseo_metadesc":["Magn\u00edfico Apartamento T4 remodelado,\u00a0constru\u00e7\u00e3o\u00a0de refer\u00eancia -\u00a0Ferreira dos Santos, que se caracteriza pela qualidade e \u00e1reas generosas."],"_yoast_wpseo_linkdex":["69"],"_cmplz_scanned_post":["1"],"cmplz_hide_cookiebanner":[""],"sbp_post_meta":["a:9:{s:11:\"sbp_preload\";s:0:\"\";s:15:\"sbp_csp_warning\";s:0:\"\";s:22:\"sbp_criticalcss_status\";s:12:\"main_setting\";s:15:\"sbp_criticalcss\";s:0:\"\";s:11:\"js_optimize\";s:12:\"main_setting\";s:10:\"js_exclude\";s:44:\"js\/jquery\/jquery.js\r\njs\/jquery\/jquery.min.js\";s:10:\"js_include\";s:0:\"\";s:16:\"js_footer_status\";s:12:\"main_setting\";s:17:\"js_footer_exclude\";s:44:\"js\/jquery\/jquery.js\r\njs\/jquery\/jquery.min.js\";}"],"_yoast_wpseo_primary_property_type":["56"],"_yoast_wpseo_primary_property_status":["222"],"_yoast_wpseo_primary_property_label":[""],"_yoast_wpseo_primary_property_state":["350"],"_yoast_wpseo_primary_property_city":["388"],"_alp_processed":["1736797052"],"_wpml_word_count":["{\"total\":358,\"to_translate\":{\"en\":77}}"],"fave_show_price_placeholder":["0"],"_wpml_media_duplicate":["1"],"_wpml_media_featured":["1"],"fave_property_address":["Praceta 25 de Abril 57"],"fave_property_zip":["4430-257"],"houzez_featured_listing_date":["2024-09-15 17:42:43"],"_wpml_location_migration_done":["1"],"fave_property_images":["175863","175859","175848","175831","175849","175829","175855","175827","175828","175830","175832","175833","175834","175835","175836","175837","175838","175839","175840","175841","175842","175843","175844","175845","175846","175847","175850","175851","175852","175853","175854","175856","175857","175858","175860","175861","175862"],"_elementor_page_assets":["a:0:{}"]},"_links":{"self":[{"href":"https:\/\/coreimoveis.com\/pt-pt\/wp-json\/wp\/v2\/properties\/17821","targetHints":{"allow":["GET"]}}],"collection":[{"href":"https:\/\/coreimoveis.com\/pt-pt\/wp-json\/wp\/v2\/properties"}],"about":[{"href":"https:\/\/coreimoveis.com\/pt-pt\/wp-json\/wp\/v2\/types\/property"}],"author":[{"embeddable":true,"href":"https:\/\/coreimoveis.com\/pt-pt\/wp-json\/wp\/v2\/users\/3"}],"version-history":[{"count":7,"href":"https:\/\/coreimoveis.com\/pt-pt\/wp-json\/wp\/v2\/properties\/17821\/revisions"}],"predecessor-version":[{"id":199196,"href":"https:\/\/coreimoveis.com\/pt-pt\/wp-json\/wp\/v2\/properties\/17821\/revisions\/199196"}],"wp:featuredmedia":[{"embeddable":true,"href":"https:\/\/coreimoveis.com\/pt-pt\/wp-json\/wp\/v2\/media\/179006"}],"wp:attachment":[{"href":"https:\/\/coreimoveis.com\/pt-pt\/wp-json\/wp\/v2\/media?parent=17821"}],"wp:term":[{"taxonomy":"property_type","embeddable":true,"href":"https:\/\/coreimoveis.com\/pt-pt\/wp-json\/wp\/v2\/property_type?post=17821"},{"taxonomy":"property_status","embeddable":true,"href":"https:\/\/coreimoveis.com\/pt-pt\/wp-json\/wp\/v2\/property_status?post=17821"},{"taxonomy":"property_feature","embeddable":true,"href":"https:\/\/coreimoveis.com\/pt-pt\/wp-json\/wp\/v2\/property_feature?post=17821"},{"taxonomy":"property_label","embeddable":true,"href":"https:\/\/coreimoveis.com\/pt-pt\/wp-json\/wp\/v2\/property_label?post=17821"},{"taxonomy":"property_state","embeddable":true,"href":"https:\/\/coreimoveis.com\/pt-pt\/wp-json\/wp\/v2\/property_state?post=17821"},{"taxonomy":"property_city","embeddable":true,"href":"https:\/\/coreimoveis.com\/pt-pt\/wp-json\/wp\/v2\/property_city?post=17821"}],"curies":[{"name":"wp","href":"https:\/\/api.w.org\/{rel}","templated":true}]}}

T4 Remodelado com 3 Suítes e Varandas em Gaia

<p><strong>Magnífico Apartamento remodelado T4, construção de referência &#8211; Ferreira dos Santos, que se carateriza pela qualidade e áreas generosas.</strong> Muito bem estruturado e localizado na Praceta 25 de Abril, Vila Nova de Gaia, em frente à Câmara.</p>



<p>Rodeado de todo o tipo de comércio, serviços e transportes. Este Apartamento T4 totalmente remodelado possui: uma área bruta privativa de 178m², cozinha equipada, caixilharia em PVC com vidro duplo e corte térmico, ar condicionado, painel solar, lareira com recuperador de calor, 3 suítes, 5 casas de banho e 3 varandas.</p>



<p>Possibilidade de aluguer de garagem. Possui ainda vistas panorâmicas e desafogadas com excelente exposição solar.</p>



<p><strong>Distâncias</strong>:<br>25m Metro Câmara de Gaia,130m do Minipreço, 140m da Câmara Municipal de Gaia,170m das Finanças, 240m do Pingo Doce, 500m da A44, 500m do Hospital de V. Nova de Gaia, 500m da Estação de Comboios e do Metro General Torres, 500m do El Corte Inglês, 550m do Colégio Nossa Senhora da Bonança, 850m do Jardim do Morro, 950m do Continente, 1km da Ponte Luís, 1.7km da Catedral da Sé e 2km dos Aliados e do Centro do Porto.</p>



<p></p>



<p>Autorização de Utilização Nº AUTORIZAÇÃO: 190/74</p>



<p></p>



<p><strong>Precisa de financiamento? Conte com o apoio dos nossos parceiros especializados, incluindo um consultor certificado pelo Banco de Portugal, que o acompanhará ao longo de todo o processo, garantindo-lhe um serviço gratuito, eficiente e simples. Este serviço está disponível tanto para clientes nacionais como internacionais, assegurando as melhores soluções de crédito habitacional, com total transparência e confiança.</strong> <a href="https://coreimoveis.com/pt-pt/consulta-de-credito-gratuita/" target="_blank" rel="noreferrer noopener"><strong>Saber Mais&#8230;</strong></a></p>



<p>Este imóvel está disponível para partilha de comissão em regime de <strong>50/50</strong> com qualquer mediadora imobiliária devidamente licenciada (licença AMI válida) que apresente um comprador que concretize a transação.</p>



<p></p>



<p></p>

<p>Magnífico Apartamento remodelado T4, construção de referência &#8211; Ferreira dos Santos, que se carateriza pela qualidade e áreas generosas. Muito bem estruturado e localizado na Praceta 25 de Abril, Vila Nova de Gaia, em frente à Câmara. Rodeado de todo o tipo de comércio, serviços e transportes. Este Apartamento T4 totalmente remodelado possui: uma área [&hellip;]</p>

Apartamento T4 remodelado na Avenida da República de Gaia

Magnífico Apartamento T4 remodelado, construção de referência - Ferreira dos Santos, que se caracteriza pela qualidade e áreas generosas.
